**3 + 0*h**2 + 8*h**2. Suppose -1376 = -6*r - 2*r. Let p = -164 + r. Calculate c(p).
0
Let b = -213 + 267. Let c(l) = -4 + b*l**2 + 3 + 12*l**3 - 54*l**2 - 2*l. Calculate c(-1).
-11
Let h(f) = -6*f**2 + 51*f - 7. Let n(w) = -13*w**2 + 87*w - 11. Let i(b) = -5*h(b) + 3*n(b). Determine i(-3).
-97
Let j be 6/(-27) + 33/27. Let i(q) = -q. Let k(z) = z + 13*z**3 - 31789*z**2 + 31789*z**2 + 1. Let u(m) = j*k(m) + 2*i(m). Determine u(1).
13
Let b(j) = 6*j**2 - 5*j + 4. Suppose 4*g - 2*k = 6, 3*g - 3*k = -0*g + 3. What is b(g)?
18
Let j(a) = a**2 - 7*a + 5. Suppose 8 = 3*x + 5. Let m be (-20 - -10)/((-2)/x). Give j(m).
-5
Suppose 5*j + 251 - 241 = 0. Let r(d) = -2*d**2 - 3*d - 3. Let f(k) = k**2. Let l(g) = -5*f(g) - r(g). What is l(j)?
-15
Let z(y) = 116*y + 469. Let f be z(-4). Let u(c) be the first derivative of -f*c**2 - 9*c + 3 - 1/3*c**3. Determine u(-8).
7
Let m(d) = -2*d + 7. Suppose 0 = 10*q + 22 - 112. Suppose 0 = 12*f + 81 - q. Determine m(f).
19
Let q(r) = r**3 - 109*r**2 - 116*r + 653. Let x be q(110). Let l(z) = -64*z + 131*z + 21 - 65*z. Calculate l(x).
7
Let n(f) be the first derivative of f**2/2 + 11*f - 496. Let i(k) = -k**3 - 12*k**2 + 11*k - 18. Let b be i(-13). Give n(b).
19
Let s(r) = 0*r - 5 - 2*r - 4*r**3 + 4. Let g = 20732 - 20733. Determine s(g).
5
Let z(k) = -k**2 - k - 7. Let v(w) = -w**2 - w + 3. Let u be v(0). Suppose -5*a + 8 - u = 0. Let p be a/(-2)*1 - 4/(-8). What is z(p)?
-7
Let h(o) = -7*o - 82. Let c be ((-462)/84)/((-3)/(-6)). Determine h(c).
-5
Suppose -8*z = -3*s - 13*z + 15, -2*z = -3*s + 57. Let m(a) = -a**3 + 15*a**2 - a + 1. Determine m(s).
-14
Let r be (-6)/3*(143 - 145). Let c(x) = 3*x**2 + 4*x - 10. What is c(r)?
54
Let w(h) be the second derivative of -h**4/12 - 5*h**3/6 - 3*h**2 + 195*h - 1. Give w(5).
-56
Suppose -2*i + 5*i - 72 = 2*t, 4*t + 140 = 5*i. Let o be (8 + -2)*(t/9 - -3). Let s(c) = -43 + 85 - 4*c - 40. Determine s(o).
10
Let y(t) be the third derivative of -t**5/60 + 5*t**4/12 - 11*t**3/3 - 70*t**2 - 66. Determine y(2).
-6
Let p(l) = l + 2. Suppose -14*w + 627 = 67 - 406. Suppose 2*f - 3*u = -8*u + 11, -5*u = -4*f + 7. Suppose f*t - w + 84 = 0. Determine p(t).
-3
Let z(q) = 5 + 60*q**2 - 10*q**2 - 10*q**2 - 43*q**2 + 2*q. Determine z(-4).
-51
Let k be 20/4 - 14 - -3. Suppose 16*j = 18*j - 24. Let z(q) = -j*q - 12*q + 22*q - 6. Give z(k).
6
Let p(x) = -x**3 - 10*x**2 - 7*x + 64. Let f(t) = -t**3 - 10*t**2 - 7*t + 72. Let b(z) = 6*f(z) - 7*p(z). Determine b(-7).
82
Let g(n) be the third derivative of -1/40*n**5 + 0*n + 1/720*n**6 + 0 + 7/8*n**4 + 0*n**3 + 20*n**2. Let u(j) be the second derivative of g(j). What is u(0)?
-3
Let u be 3 + (-303)/(-12) - 72/(-96). Suppose 24 = r + u. Let w(k) = k**3 + 5*k**2 - 2. Determine w(r).
-2
Suppose -19*y + 26*y = 0. Suppose y = 2*i - 475 + 497. Let k(g) = 11*g - 3*g**2 - 3 + 4*g**2 + 0. Calculate k(i).
-3
Let f(g) = -24*g**2 - 3*g + 2. Suppose 41*o + 90*o = -31*o + 162. Determine f(o).
-25
Let r(c) = -c**3 + 4*c**2 - c + 3. Let w be (-11)/(44/8) + 118/1. Suppose -114*y - 6 = -w*y. Calculate r(y).
9
Let x(u) = -11*u + 43. Let k be 0 - (6/(-10))/((-25)/(-3000)*24). What is x(k)?
10
Suppose 20*i - 9 = 111. Let z(b) = -b**2 - 15*b + 8. Let w(j) = j. Let v(p) = i*w(p) + z(p). Give v(-7).
22
Suppose -35 - 127 = 162*q. Let z(b) = -26*b**2 - 6*b + 1. Let k(y) = -26*y**2 - 7*y + 1. Let m(s) = -6*k(s) + 7*z(s). Calculate m(q).
-25
Let x be ((-4)/(-5))/((-1)/5). Let n be x + 2 + 2 - -2. Let w(r) = -3*r**2 - 4*r - 1. Let t(q) = -8*q**2 - 11*q - 3. Let f(h) = -4*t(h) + 11*w(h). What is f(n)?
-3
Let g(p) = 3*p**3 - 42*p**2 - 41*p - 68. Let r be g(15). Let t(d) = d**3 + 11*d**2 + 18*d - 13. Determine t(r).
35
Let n(q) be the third derivative of 7*q**2 - 1/40*q**5 + 19/24*q**4 + 0 + 0*q**3 + 1/720*q**6 + 0*q. Let u(w) be the second derivative of n(w). Determine u(-4).
-7
Suppose 145*x - 41 = 144*x. Suppose -2 + x = 3*w. Let n(c) = -c**3 + 13*c**2 + 2*c - 18. What is n(w)?
8
Let j = 53 - 46. Suppose 0 = -t + 1 + j. Let r(l) = -t - 3 + l - 3 + 1. Determine r(9).
-4
Let f(r) = -r + 2519 - 2519 - 13*r**2. Calculate f(-1).
-12
Let s(v) = 2*v + 14. Let c(n) be the first derivative of n**3/3 - 7*n**2 + 35*n + 23. Let g be c(5). Calculate s(g).
-6
Let n(o) = 6*o + 3. Let z(i) = i. Let x(j) = -n(j) + 5*z(j). Let y be (2 - 0)/(2/(-3)). Let p be y/(-2*3/6). Calculate x(p).
-6
Let q(z) be the first derivative of 3*z**2/2 - 4*z - 8692. Give q(-1).
-7
Suppose h = 5*j + 1, 0 = 3*h - 3*j + j + 10. Let i(r) = -r**2 + 9095 - 7*r - 18287 + 9187. Determine i(h).
7
Let i = 6778 - 6786. Let c(r) = r**3 + 8*r**2 + 4*r - 11. Determine c(i).
-43
Let m(n) be the first derivative of n**5/60 + n**4/12 - 5*n**3/6 + 153*n**2 - 224. Let k(g) be the second derivative of m(g). Determine k(6).
43
Let g(l) = l**3 + 8*l**2 - l - 54. Let o be g(-6). Let x(r) = -o + r + 44 - 18. Calculate x(6).
8
Let m(d) be the third derivative of 3*d**4/8 - d**3 - 37*d**2 - 3*d. Calculate m(1).
3
Let a(f) = -5*f**2 - 2*f - 90. Let j(s) = 6*s**2 + 2*s + 101. Let g(k) = 7*a(k) + 6*j(k). What is g(6)?
0
Let h(c) = -5*c + 4. Suppose 6*b + 20 = b. Let p(d) = -4*d + 4. Let t(y) = b*p(y) + 3*h(y). Let z(v) = v**3 - 7*v**2 + 8*v - 6. Let r be z(6). Determine t(r).
2
Let u(z) be the third derivative of -z**5/10 + 779*z**2 - 2*z. Calculate u(-1).
-6
Suppose -u = -2*x - 27, 34 = 33*x - 35*x + 2*u. Let s(v) = 4*v**2 + 45*v + 34. What is s(x)?
-16
Let o(h) = -h**3 - 13*h**2 + 30*h + 67. Let k be o(-16). Let w = 356 - k. Let i(g) = 3*g**3 + 2*g**2 - g - 1. What is i(w)?
3
Let n(y) = -y**2 - 12*y + 8. Suppose 136*i = 131*i - 40. Let l be (2 - (-10)/i) + (-605)/44. Give n(l).
-5
Suppose 2*w + 2*o - 2 = 3*o, -5*o = -3*w - 4. Let f(l) be the first derivative of 3*l + 24 + 7/2*l**w. Calculate f(-2).
-11
Suppose 0 = -5*o - 5*k - 17 + 57, -8 = -4*k. Let u(s) = -2*s**3 + 13*s**2 - 9*s + 1. Determine u(o).
-17
Let t(h) = 2*h**2 - 24*h - 2. Let z = 988 + -976. Give t(z).
-2
Let l(v) be the second derivative of -v**5/20 + 2*v**4/3 - v**3/6 + 5*v**2 - 682*v. Determine l(8).
2
Let k(l) = 3*l**2 + 10*l + 15. Let o(u) = -220*u - 886. Let t be o(-4). Determine k(t).
63
Let l(r) be the second derivative of -r**2 - 1/2*r**3 + 20*r + 0. Suppose 0 = -4*t + 2 - 18. Give l(t).
10
Suppose -1742 = 4*y - 30*y. Let f = 70 - y. Let o(l) = -l - 2. Give o(f).
-5
Let p be 3 + 3 + -3 + -3. Let h = 153 + -150. Let g(j) = 0 + 2 - 56*j**h + 32*j**3 + j**2 + 25*j**3. Determine g(p).
2
Let h(n) = 2*n - 27. Let b(o) = 3*o - 40. Let j(z) = 5*b(z) - 8*h(z). Give j(14).
2
Let w(t) = t + 8. Suppose -195 = -0*p - 3*p. Suppose -5*x + 8*c - 3*c = -p, 0 = -4*x + 2*c + 48. Let o be (-1 + 1)*x/(-33). Calculate w(o).
8
Suppose -5 = 3*h - 53. Suppose h*a - 15*a + 9 = 0. Let f(v) = -v**2 - 9*v - 4. What is f(a)?
-4
Let s be (-12)/72 + (-31)/(-6). Let y(u) = -u**2 + 3*u**2 + 3*u**2 - 4 + 9*u + 3*u. Let f(v) = 4*v**2 + 11*v - 4. Let j(o) = s*y(o) - 6*f(o). What is j(6)?
4
Let n be (-6)/9 + ((-272)/12)/(-4). Suppose 10 = -n*p - 5*q, 14 + 6 = 4*p - 3*q. Let t(z) = -68*z**p + 4 + 0*z - 3*z + 67*z**2. Determine t(-3).
4
Let z(u) = -u - 6. Suppose -7 = 2*l + 1. Let n(b) be the first derivative of -b**4/4 - b**3 + 5*b**2/2 - 2*b + 278. Let j be n(l). Calculate z(j).
0
Let d = 12126 - 12115. Let p(t) = -3*t + 5*t + 23 - 3*t. Calculate p(d).
12
Let d(a) be the first derivative of 5/3*a**3 - 2 + 3/2*a**2 + 1/20*a**5 - 5/6*a**4 - 41*a. Let n(t) be the first derivative of d(t). What is n(9)?
12
Let h(k) = -k - 2. Let v be 15 + -7 + 0 + -3. Suppose 0 = 5*r - g + 3 + 1, -10 = v*r + 5*g. Let u be ((-9)/5 - r)*(-75)/10. Give h(u).
-8
Let z(p) = 229 + 254*p - 261*p - 240 - p**2. Determine z(-2).
-1
Let j(k) be the second derivative of -k**4/12 - 2*k**3/3 - 9*k**2/2 + 6*k + 80. Determine j(-2).
-5
Let l = 2920 - 2933. Let p(i) = -2*i + 7. Give p(l).
33
Let g(a) = 34 - 13*a - 100 + 24 + 34. Calculate g(2).
-34
Suppose -5*u - 40 = -u. Let a(l) be the third derivative of l**4/12 + 3*l**3/2 - 8551*l**2. Give a(u).
-11
Let f = -26070 + 26077. Let p(m) = m**3 - 10*m**2 + 19*m + 18. Give p(f).
4
Let t(z) = -54 + 147*z**2 - 146*z**2 + 27 - z + 28. Let q(v) = v**2 + v + 7. Suppose -w = 4*w - 5. Let h(s) = w*q(s) - 2*t(s). Give h(4).
1
Let s(m) be the third derivative of m**6/120 - m**4/12 + 4*m**3/3 - m**2 + 